 - 118*d. Let x = -9 - -5. Let t be r(x). What is the greatest common divisor of t and 10?
2
Suppose -10*k + 24750 = 20*k. Calculate the greatest common factor of k and 75.
75
Let j be (2 + 0 - -8)*((-1551)/(-165) + -9). Calculate the highest common factor of 94 and j.
2
Let o = 262 - 165. Suppose -6*b - o = -475. What is the greatest common factor of 105 and b?
21
Let r = 937 - 19. Calculate the highest common factor of 119 and r.
17
Let n = -4143 + 11456. What is the greatest common factor of n and 309?
103
Let s be 1 + (-12)/9*-6. Let w = -68 - -80. Suppose w + 24 = 4*g. What is the highest common factor of s and g?
9
Let h(q) = -9005*q - 2 + 22*q**2 - 5*q**3 + 9003*q + 6*q**3. Let u be h(-22). Calculate the greatest common divisor of 147 and u.
21
Let h be ((-1958)/(-99) - 14) + 4/18 - -7495. Calculate the highest common factor of 13 and h.
13
Let d(u) = -3*u**2 + 15*u - 20. Let a be d(3). Let r be ((-1386)/210)/(a/60). Calculate the highest common divisor of r and 54.
18
Let p(k) = -5*k + 3. Let w be p(-4). Let c(s) = 1831*s + 22110. Let u be c(-12). Calculate the highest common divisor of u and w.
23
Let t be (-1)/((-14)/(-80))*(-1015)/58. Suppose 16*n - 1178 - 742 = 0. What is the highest common divisor of t and n?
20
Let o be (-1 - -5)/((-3 + 18)/330). Let v(n) = n**3 + 4*n**2 + 2*n - 26. Let m be v(4). What is the highest common factor of o and m?
22
Let h(y) be the third derivative of -y**5/60 + 49*y**3/6 + 3*y**2. Let t be h(0). Let l be 927/135 + 18/135. Calculate the highest common divisor of l and t.
7
Suppose z - 12 = -v - 4, -3*z - 5*v = -28. Suppose z*y + 12 + 18 = 0. Let m be 100/(-4)*3/y. What is the greatest common factor of 5 and m?
5
Suppose 8 = 42*o - 43*o. Let k be (1 - -3)*(o + -1). Let b = 10 - k. What is the highest common divisor of b and 46?
46
Suppose 2*n + 2331 = 1518*p - 1515*p, n = 0. Calculate the greatest common factor of p and 74.
37
Let k = 17928 - 17926. Let o(j) = 8*j**2 + 5*j - 2. Let z be o(4). Calculate the highest common divisor of z and k.
2
Let b(g) = 293*g + 2358. Let q be b(-8). Calculate the highest common factor of q and 469.
7
Let s be 1802430/882 - 3/(-7). What is the greatest common factor of 56 and s?
28
Suppose -122*v = 16865 - 262451. What is the greatest common factor of v and 183?
183
Let q be (-224)/(-40)*(-433000)/(-350). Calculate the greatest common divisor of 16 and q.
16
Let r(l) = l**3 - l**2 + 6. Let o be r(0). Let b(z) = -3*z - z + z**2 + 4*z**2 + z**2. Let q be b(-3). Calculate the greatest common divisor of o and q.
6
Suppose 284*m - 373*m + 69776 = 0. What is the highest common divisor of m and 64?
16
Let d = -63642 + 63669. Suppose -3*j = -5*w + j + 732, 3*j - 567 = -4*w. Calculate the greatest common divisor of d and w.
9
Let j(b) = 5*b**3 + 133*b**2 + 10*b + 115. Let i be j(-26). What is the greatest common factor of i and 14?
7
Suppose 0 = -8*f + 12*f - 64. Let k(a) = a**3 - 10*a**2 - a + 13. Let u be k(10). Suppose 21 = u*t + 15. Calculate the greatest common factor of t and f.
2
Suppose 5*j - 9325 = -5*t - 2175, 3*t + 4*j - 4295 = 0. What is the highest common factor of 150 and t?
75
Let x = 133 + -52. Let l = -80 + x. Let v be 3 + l + (-2)/4*-4. Calculate the greatest common factor of 60 and v.
6
Let d(v) = -41*v. Let j be d(-1). Suppose -2*k = -12*k + 3690. What is the greatest common divisor of k and j?
41
Let d be (-2)/(-5) + 21/35. Let r be 5 + -7 + d + 57. Calculate the highest common factor of 21 and r.
7
Suppose -4*i - 484 = -4*d - 64, -3*d + i + 315 = 0. Let w = 109 + -46. Calculate the highest common divisor of w and d.
21
Let m(p) = 32*p**2 + 4*p + 8. Let d be m(2). Calculate the highest common factor of d and 90.
18
Suppose 2*p = 2*b - 976, -2*p - 1456 = b - 4*b. What is the highest common divisor of 315 and b?
15
Suppose 0 = -3*v - 2*v - 2*l + 5, 3*l = -15. Let z(t) = 60*t - 7. Let j be z(v). Suppose -10*i + 47 + j = 0. What is the greatest common divisor of 55 and i?
11
Let i be ((-10)/14 - 8/28) + -1. Let c be (8/18)/i - 11495/(-495). Let f = 316 - 132. Calculate the greatest common factor of f and c.
23
Let v be ((-19)/(-304)*40)/((-2)/(-1536)). Calculate the highest common divisor of 1824 and v.
96
Suppose 4*w = 2*w + 2*l + 32, 0 = -l. Suppose 3*x = 9, -46*t + 5*x = -50*t + 55. Let q be 646/t - 18/30. Calculate the greatest common divisor of w and q.
16
Suppose 0 = 4*y - 2*y + 5838 - 46384. Calculate the highest common factor of y and 194.
97
Suppose -287 - 877 = 6*k. Let m be 4 - (k/12 + (-2)/(-12)). Let t be (2 - 4) + 486/3. Calculate the highest common divisor of t and m.
20
Let q be (-2 + 0)/(19 + -10 - 2027/225). What is the greatest common factor of 975 and q?
75
Let d = -157 + -188. Let q = -215 - d. What is the highest common factor of q and 52?
26
Let s = 4993 + -4721. What is the highest common factor of s and 2414?
34
Suppose y = 13 + 50. Let s = 100 - y. Let t = -13 + s. What is the highest common factor of 16 and t?
8
Suppose -11*f + 9*f + 36 = 0. Let a = 6 + f. Let z = 1 + a. Calculate the greatest common divisor of z and 275.
25
Let y be 30*(7 + (-266)/35). Let j be y/(-3) + -4 + 16. What is the highest common divisor of j and 288?
18
Let o = 34362 - 33773. What is the greatest common divisor of 1829 and o?
31
Let y(r) = 8664*r**3 + 6*r**2 - 11*r + 5. Let l be y(1). Calculate the highest common factor of 8 and l.
8
Let u(f) = 890*f - 2085. Let v be u(9). What is the highest common factor of v and 75?
75
Let s = -3671 - -4036. Calculate the highest common divisor of 3723 and s.
73
Suppose a = 5*a - 1564. Let t(z) = -z**2 - 57*z - 226. Let s be t(-5). Calculate the highest common divisor of s and a.
17
Let v(u) = -28*u - 124. Let m be v(-5). Suppose -9*c + m = 7*c. Calculate the greatest common divisor of 32 and c.
1
Suppose -p + 4*k = -38, -3*k = -3*p + k + 98. Let d(y) = 3 - 4 + 55*y**2 + 21*y**2. Let r be d(1). Calculate the highest common factor of r and p.
15
Let u(l) = -l**3 + 88*l**2 + 157*l - 687. Let v be u(87). What is the greatest common divisor of v and 41?
41
Let p be (-122)/(-12) - 200/(-240). Suppose -23*n = -p*n - 3948. What is the highest common divisor of n and 7?
7
Let a = -2479 - -5229. Calculate the greatest common factor of 22 and a.
22
Let m(f) = 2*f**2 + 42*f - 231. Let c be m(-27). What is the greatest common factor of 1271 and c?
31
Let g = 1240 - 1097. Calculate the highest common factor of g and 377.
13
Let d(h) = 5*h**2 - h + 1. Let g be d(2). Let z(m) = -m**3 - 88*m**2 - 121*m - 2825. Let y be z(-87). What is the greatest common factor of g and y?
19
Let y = -18263 - -18303. Let h be (-1)/(-3) - (-28)/6. Calculate the highest common factor of y and h.
5
Suppose -37*x + 68*x - 742560 = -60*x. Calculate the greatest common factor of 90 and x.
30
Let o be 36/63 + (-496)/(-14). Suppose -224 = -o*y + 34*y. Calculate the highest common factor of 28 and y.
28
Let b be (-1825)/(-10)*(6*96/45)/2. What is the highest common divisor of 80 and b?
16
Let v be ((-4)/3)/((-15)/45). Suppose v*b + 326 = 398. What is the highest common factor of 198 and b?
18
Suppose z + 13*a = 14*a + 111, 3*a + 97 = z. Calculate the greatest common divisor of 59 and z.
59
Let m = -382 + 564. What is the greatest common divisor of 70 and m?
14
Let z(u) = 85*u**2 - 6*u + 1. Let g be z(3). Suppose 28 = -9*p + g. Calculate the highest common factor of p and 48.
16
Suppose 3*g + u - 2 = -0*u, 0 = -2*g - u. Let f(n) = 6*n + 6 + 2*n**2 + 2*n**3 - 3*n**3 - g*n. Let h be f(3). What is the highest common divisor of 81 and h?
9
Let t = 10 + -15. Let w be (-15)/(-1)*(-34)/t. Suppose 0 = 6*y - 0*y - w. Calculate the greatest common factor of y and 68.
17
Let g(s) = s**3 - s**2 - 4*s - 2. Let l = 127 + -123. Let b be g(l). Let y = -69 - -119. What is the greatest common factor of b and y?
10
Let t(x) be the first derivative of -x**3/3 - 3*x**2 - x - 2. Let k be t(-5). Suppose -335 - 887 - 74 = -36*s. What is the highest common factor of k and s?
4
Let f = 1236 + -1236. Suppose f = -39*r + 1260 + 2016. Suppose -4*l + 57 + 39 = 0. What is the highest common factor of r and l?
12
Let p = 1177 + -1121. Suppose 4*y + 11 = -17. Let r be (2 + y)*14*-2. What is the highest common factor of r and p?
28
Let c = -5 - -7. Suppose -3 - 27 = -4*m + c*r, -r = -m + 6. 